{"id":4284,"date":"2022-08-04T10:53:32","date_gmt":"2022-08-04T13:53:32","guid":{"rendered":"http:\/\/www.palmaresdosul.rs.gov.br\/novosite\/?page_id=4284"},"modified":"2022-08-04T10:53:32","modified_gmt":"2022-08-04T13:53:32","slug":"conselho-municipal-dos-direitos-da-mulher","status":"publish","type":"page","link":"https:\/\/palmaresdosul.rs.gov.br\/novosite\/conselho-municipal-dos-direitos-da-mulher\/","title":{"rendered":"Conselho Municipal dos Direitos da Mulher"},"content":{"rendered":"\n<a href=\"https:\/\/palmaresdosul.rs.gov.br\/novosite\/wp-content\/uploads\/2022\/10\/CMDIM-1-2.png\"><img loading=\"lazy\" decoding=\"async\" src=\"https:\/\/palmaresdosul.rs.gov.br\/novosite\/wp-content\/uploads\/2022\/10\/CMDIM-1-2-318x318.png\" alt=\"\" width=\"318\" height=\"318\" \/><\/a>\n\n\u00a0\n\u00a0\n\u00a0\n\u00a0\n\u00a0\n\u00a0\n\u00a0\n\u00a0\n\u00a0\n\u00a0\n\u00a0\n\u00a0\n\u00a0\n\n<a href=\"https:\/\/palmaresdosul.rs.gov.br\/novosite\/wp-content\/uploads\/2022\/08\/N.o-2.000-05.07.2013-Cria-a-Coordenadoria-da-Mulher-compilada-1-20221227-145841.pdf\" target=\"_blank\" rel=\"noreferrer noopener\">N.\u00ba 2.000 &#8211; 05.07.2013 &#8211; Cria a Coordenadoria da Mulher<br \/><\/a>\n\n\u00a0\n\n<a href=\"https:\/\/palmaresdosul.rs.gov.br\/novosite\/wp-content\/uploads\/2022\/08\/N.o-2.001-05.07.2013-Cria-o-Conselho-Municipal-dos-Direitos-da-Mulher-2.pdf\" target=\"_blank\" rel=\"noreferrer noopener\">N.\u00ba 2.001 &#8211; 05.07.2013 &#8211; Cria o Conselho Municipal dos Direitos da Mulher<br \/><\/a>\n\n\u00a0\n\n<a href=\"https:\/\/palmaresdosul.rs.gov.br\/novosite\/wp-content\/uploads\/2022\/08\/N.-o-20.168-05.01.2022-Nomeia-Conselho-Municipal-dos-Direitos-da-Mulher-COMDIM-2.pdf\" target=\"_blank\" rel=\"noreferrer noopener\">N.\u00ba -20.168-05.01.2022-Nomeia-Conselho-Municipal-dos-Direitos-da-Mulher-COMDIM<\/a>\n\n\u00a0\n\n<a href=\"https:\/\/palmaresdosul.rs.gov.br\/novosite\/wp-content\/uploads\/2022\/08\/N.-o-20.674-17.05.2022-Substitui-membro-da-Conselho-Municipal-da-Mulher-COMDIM-2.pdf\" target=\"_blank\" rel=\"noreferrer noopener\">N.\u00ba 20.674-17.05.2022-Substitui-membro-da-Conselho-Municipal-da-Mulher-COMDIM<\/a>\n\n\u00a0\n\n<h2 class=\"wp-block-heading\"><strong>\u00a7 1<u><sup>o<\/sup><\/u> <\/strong>Representantes Governamentais:<\/h2>\n\n\u00a0\n\n<p><strong>I &#8211; Representante da Secretaria de Educa\u00e7\u00e3o:<\/strong><\/p>\n\n<p>Membro Titular: Marcia T. Oliveira Bins<\/p>\n\n<p>Membro Suplente: Daiane Vieira da Costa<\/p>\n\n\u00a0\n\n<p><strong>II &#8211; Representante da Secretaria de Sa\u00fade:<\/strong><\/p>\n\n<p>Membro Titular: Juliana Salete Freitas Gasso<\/p>\n\n<p>Membro Suplente: Priscila Alves da Costa<\/p>\n\n\u00a0\n\n<p><strong>III &#8211; Representante da Secretaria de Planejamento, Projetos e Meio Ambiente:<\/strong><\/p>\n\n<p>Membro Titular: Andreza Nascimento<\/p>\n\n<p>Membro Suplente: Clarice de Souza Araujo Pereira<\/p>\n\n\u00a0\n\n<p><strong>IV &#8211; Representante da Secretaria de Desenvolvimento Social, Habita\u00e7\u00e3o, Trabalho, Cidadania e Direitos Humanos e Sistema \u00danico da Assist\u00eancia Social \u2013 SUAS:<\/strong><\/p>\n\n<p>Membro Titular: Adriana Gomes Mesquita<\/p>\n\n<p>Membro Suplente: Fabilene Alves da Rosa<\/p>\n\n\u00a0\n\n<p><strong>V &#8211; Representante da Secretaria de Administra\u00e7\u00e3o:<\/strong><\/p>\n\n<p>Membro Titular: Sandra Araujo Alves<\/p>\n\n<p>Membro Suplente: Caroline Terra Gomes<\/p>\n\n\u00a0\n\n<p><strong>VI \u2013 Representante do Gabinete do Prefeito:<\/strong><\/p>\n\n<p>Membro Titular: Rocheli Rosa dos Reis<\/p>\n\n<p>Membro Suplenente: Lidiane Ortiz dos Santos<\/p>\n\n\u00a0\n\n<h2 class=\"wp-block-heading\"><strong>\u00a7 2<u><sup>o<\/sup><\/u> <\/strong>Representantes da Sociedade Civil:<\/h2>\n\n\u00a0\n\n<p><strong>I &#8211; Representante do Sindicato Rural:<\/strong><\/p>\n\n<p>Membro Titular: Jo\u00e3o Paulo Muller<\/p>\n\n<p>Membro Suplente: Claudete Vaz Torres Azevedo<\/p>\n\n\u00a0\n\n<p><strong>II &#8211; Representante da EMATER \u2013 ASCAR (Escrit\u00f3rio Palmares do Sul):<\/strong><\/p>\n\n<p>Membro Titular: M\u00f4nica de Andrade Arnt<\/p>\n\n<p>Membro Suplente: Augusto Luiz Pereira de Oliveira<\/p>\n\n\u00a0\n\n<p><strong>III &#8211; Representante da Associa\u00e7\u00e3o Esp\u00edrita:<\/strong><\/p>\n\n<p>Membro Titular: Eliane Silveira de Almeida<\/p>\n\n<p>Membro Suplente: Maria Ines Blaya Batista<\/p>\n\n\u00a0\n\n<p><strong>IV &#8211; Representante da Associa\u00e7\u00e3o de Bairros:<\/strong><\/p>\n\n<p>Membro Titular: Viviane Vieira<\/p>\n\n<p>Membro Suplente: Marlene de Vargas Aquino<\/p>\n\n\u00a0\n\n<p><strong>V &#8211; Representante do Clube de M\u00e3es Joana D\u2019Arc:<\/strong><\/p>\n\n<p>Membro Titular: Marilda Meireles Tyska<\/p>\n\n<p>Membro Suplente: Marta S\u00edrio dos Santos<\/p>\n\n\u00a0\n\n<p><strong>VI \u2013 Representante da Associa\u00e7\u00e3o Quilombola do Limoeiro:<\/strong><\/p>\n\n<p>Membro Titular: Lisiane Borges Goulart de Oliveira<\/p>\n\n<p>Membro Suplente: Alexandra Orguim Gomes<\/p>\n\n\u00a0\n\n<p><strong>VII \u2013 Representante do Rotaract:<\/strong><\/p>\n\n<p>Membro Titular: Gabrielly Alberto da Concei\u00e7\u00e3o<\/p>\n\n<p>Membro Suplente: Lavinia Haubert da Silva<\/p>\n\n\u00a0\n\n<p><strong>VIII \u2013 Representante do Hospital S\u00e3o Jos\u00e9:<\/strong><\/p>\n\n<p>Membro Titular: Ana Terezinha Fonseca<\/p>\n\n<p>Membro Suplente: Dilma Moraes<\/p>\n\n\u00a0\n\n<p><strong>IX \u2013 Representante do CTG Ouro dos Arrozais:<\/strong><\/p>\n\n<p>Membro Titular: Carmem Marco da Silva<\/p>\n\n<p>Membro Suplente: Daisy Luci Brum<\/p>\n\n<p>\u00a0<\/p>\n\n\u00a0\n\n<p>\u00a0<\/p>\n","protected":false},"excerpt":{"rendered":"<p>\u00a7 1o Representantes Governamentais: I &#8211; Representante da Secretaria de Educa\u00e7\u00e3o: Membro Titular: Marcia T. Oliveira Bins Membro Suplente: Daiane Vieira da Costa II &#8211; Representante da Secretaria de Sa\u00fade: Membro Titular: Juliana Salete Freitas Gasso Membro Suplente: Priscila Alves da Costa III &#8211; Representante da Secretaria de Planejamento, Projetos e Meio Ambiente: Membro Titular: [&hellip;]<\/p>\n","protected":false},"author":3,"featured_media":0,"parent":0,"menu_order":0,"comment_status":"closed","ping_status":"closed","template":"","meta":{"footnotes":""},"class_list":["post-4284","page","type-page","status-publish","hentry"],"_links":{"self":[{"href":"https:\/\/palmaresdosul.rs.gov.br\/novosite\/wp-json\/wp\/v2\/pages\/4284","targetHints":{"allow":["GET"]}}],"collection":[{"href":"https:\/\/palmaresdosul.rs.gov.br\/novosite\/wp-json\/wp\/v2\/pages"}],"about":[{"href":"https:\/\/palmaresdosul.rs.gov.br\/novosite\/wp-json\/wp\/v2\/types\/page"}],"author":[{"embeddable":true,"href":"https:\/\/palmaresdosul.rs.gov.br\/novosite\/wp-json\/wp\/v2\/users\/3"}],"replies":[{"embeddable":true,"href":"https:\/\/palmaresdosul.rs.gov.br\/novosite\/wp-json\/wp\/v2\/comments?post=4284"}],"version-history":[{"count":0,"href":"https:\/\/palmaresdosul.rs.gov.br\/novosite\/wp-json\/wp\/v2\/pages\/4284\/revisions"}],"wp:attachment":[{"href":"https:\/\/palmaresdosul.rs.gov.br\/novosite\/wp-json\/wp\/v2\/media?parent=4284"}],"curies":[{"name":"wp","href":"https:\/\/api.w.org\/{rel}","templated":true}]}}